{"id":383,"date":"2023-05-23T14:28:07","date_gmt":"2023-05-23T17:28:07","guid":{"rendered":"https:\/\/cantoroyasociados.com\/?post_type=product&#038;p=383"},"modified":"2023-05-23T18:15:49","modified_gmt":"2023-05-23T21:15:49","slug":"fertilizadora-sembradora-incorporadora-de-arrastre","status":"publish","type":"product","link":"https:\/\/cantoroyasociados.com\/index.php\/product\/fertilizadora-sembradora-incorporadora-de-arrastre\/","title":{"rendered":"Fertilizadora \/ Sembradora Incorporadora de Arrastre"},"content":{"rendered":"<div class=\"gdlr-core-pbf-column gdlr-core-column-60 gdlr-core-column-first\">\n<div class=\"gdlr-core-pbf-column-content-margin gdlr-core-js \">\n<div class=\"gdlr-core-pbf-column-content clearfix gdlr-core-js \">\n<div class=\"gdlr-core-pbf-element\">\n<div class=\"gdlr-core-title-item gdlr-core-item-pdb clearfix gdlr-core-left-align gdlr-core-title-item-caption-top gdlr-core-item-pdlr\">\n<div class=\"gdlr-core-title-item-title-wrap \">\n<h3 class=\"gdlr-core-title-item-title gdlr-core-skin-title \">Caracter\u00edsticas<\/h3>\n<\/div>\n<\/div>\n<\/div>\n<\/div>\n<\/div>\n<\/div>\n<div class=\"gdlr-core-pbf-column gdlr-core-column-60 gdlr-core-column-first\">\n<div class=\"gdlr-core-pbf-column-content-margin gdlr-core-js \">\n<div class=\"gdlr-core-pbf-column-content clearfix gdlr-core-js \">\n<div class=\"gdlr-core-pbf-element\">\n<div class=\"gdlr-core-icon-list-item gdlr-core-item-pdlr gdlr-core-item-pdb clearfix gdlr-core-left-align gdlr-core-style-1\">\n<ul>\n<li class=\" gdlr-core-skin-divider gdlr-core-with-hover clearfix\">\n<div class=\"gdlr-core-icon-list-content-wrap\"><span class=\"gdlr-core-icon-list-content\"><b>Tolva:<\/b>\u00a0presurizada, con removedor-mezclador, tratamiento epoxi y criba anti-terr\u00f3n m\u00f3vil.<\/span><\/div>\n<\/li>\n<li class=\" gdlr-core-skin-divider gdlr-core-with-hover clearfix\">\n<div class=\"gdlr-core-icon-list-content-wrap\"><span class=\"gdlr-core-icon-list-content\"><b>Capacidad de tolva:<\/b>\u00a05.000 litros (5m3).<\/span><\/div>\n<\/li>\n<li class=\" gdlr-core-skin-divider gdlr-core-with-hover clearfix\">\n<div class=\"gdlr-core-icon-list-content-wrap\"><span class=\"gdlr-core-icon-list-content\"><b>Dosificaci\u00f3n Variable:<\/b>\u00a0sistema hidr\u00e1ulico, electromec\u00e1nico (por mapeo, georeferenciada, o manual) o mec\u00e1nico de alta precisi\u00f3n.<\/span><\/div>\n<\/li>\n<li class=\" gdlr-core-skin-divider gdlr-core-with-hover clearfix\">\n<div class=\"gdlr-core-icon-list-content-wrap\"><span class=\"gdlr-core-icon-list-content\"><b>Turbinas:<\/b>\u00a0de alto caudal, rotor de aluminio, con accionamiento hidr\u00e1ulico o mec\u00e1nico (a elecci\u00f3n del cliente).<\/span><\/div>\n<\/li>\n<li class=\" gdlr-core-skin-divider gdlr-core-with-hover clearfix\">\n<div class=\"gdlr-core-icon-list-content-wrap\"><span class=\"gdlr-core-icon-list-content\"><b>Ancho de labor:<\/b>\u00a09,8 metros.<\/span><\/div>\n<\/li>\n<li class=\" gdlr-core-skin-divider gdlr-core-with-hover clearfix\">\n<div class=\"gdlr-core-icon-list-content-wrap\"><span class=\"gdlr-core-icon-list-content\"><b>Barra porta Herramientas:<\/b>\u00a0de accionamiento hidr\u00e1ulico, de alta resistencia, con estructura tubular, asegurando la penetraci\u00f3n de todas las cuchillas<\/span><\/div>\n<\/li>\n<li class=\" gdlr-core-skin-divider gdlr-core-with-hover clearfix\">\n<div class=\"gdlr-core-icon-list-content-wrap\"><span class=\"gdlr-core-icon-list-content\"><b>Cuerpos incorporadores:<\/b>\u00a014 cuerpos de discos a 70 cm o 18 cuerpos de discos a 52 cm (seg\u00fan necesidades del cliente).<\/span><\/div>\n<\/li>\n<li class=\" gdlr-core-skin-divider gdlr-core-with-hover clearfix\">\n<div class=\"gdlr-core-icon-list-content-wrap\"><span class=\"gdlr-core-icon-list-content\"><b>Trocha:<\/b>\u00a0variable en forma continua de 2100 mm (2,1 m) a 2800 mm (2,8m).<\/span><\/div>\n<\/li>\n<li class=\" gdlr-core-skin-divider gdlr-core-with-hover clearfix\">\n<div class=\"gdlr-core-icon-list-content-wrap\"><span class=\"gdlr-core-icon-list-content\"><b>Rodados:<\/b> Dos rodados llantas 22.5.<\/span><\/div>\n<\/li>\n<li>Plan de financiacio<\/li>\n<\/ul>\n<p>&nbsp;<\/p>\n<\/div>\n<ul>\n<li><strong>Consulte planes de Financiaci\u00f3n<\/strong>\n<ul>\n<li>Plan cheques en pesos.<\/li>\n<li>Plan cereal &#8211; AgroCanje.<\/li>\n<\/ul>\n<\/li>\n<\/ul>\n<div class=\"gdlr-core-icon-list-item gdlr-core-item-pdlr gdlr-core-item-pdb clearfix gdlr-core-left-align gdlr-core-style-1\">\n<p>&nbsp;<\/p>\n<\/div>\n<\/div>\n<\/div>\n<\/div>\n<\/div>\n","protected":false},"excerpt":{"rendered":"<p><span class=\"gdlr-core-icon-list-content\"><b>Dosificaci\u00f3n Variable:<\/b>\u00a0sistema hidr\u00e1ulico, electromec\u00e1nico (por mapeo, georeferenciada, o manual) o mec\u00e1nico de alta precisi\u00f3n.<\/span><\/p>\n<div class=\"gdlr-core-icon-list-content-wrap\"><span class=\"gdlr-core-icon-list-content\"><b>Turbinas:<\/b>\u00a0de alto caudal, rotor de aluminio, con accionamiento hidr\u00e1ulico o mec\u00e1nico (a elecci\u00f3n del cliente).<\/span><\/div>\n<p>&nbsp;<\/p>\n<div class=\"gdlr-core-icon-list-content-wrap\"><span class=\"gdlr-core-icon-list-content\"><b>Ancho de labor:<\/b>\u00a09,8 metros.<\/span><\/div>\n","protected":false},"featured_media":384,"comment_status":"open","ping_status":"closed","template":"","meta":[],"product_cat":[21,65],"product_tag":[31,67],"class_list":{"0":"post-383","1":"product","2":"type-product","3":"status-publish","4":"has-post-thumbnail","6":"product_cat-altina","7":"product_cat-nuevo","8":"product_tag-disponible","9":"product_tag-fertilizadora-sembradora-incorporadora-de-arrastre","11":"first","12":"instock","13":"shipping-taxable","14":"product-type-simple"},"_links":{"self":[{"href":"https:\/\/cantoroyasociados.com\/index.php\/wp-json\/wp\/v2\/product\/383"}],"collection":[{"href":"https:\/\/cantoroyasociados.com\/index.php\/wp-json\/wp\/v2\/product"}],"about":[{"href":"https:\/\/cantoroyasociados.com\/index.php\/wp-json\/wp\/v2\/types\/product"}],"replies":[{"embeddable":true,"href":"https:\/\/cantoroyasociados.com\/index.php\/wp-json\/wp\/v2\/comments?post=383"}],"wp:featuredmedia":[{"embeddable":true,"href":"https:\/\/cantoroyasociados.com\/index.php\/wp-json\/wp\/v2\/media\/384"}],"wp:attachment":[{"href":"https:\/\/cantoroyasociados.com\/index.php\/wp-json\/wp\/v2\/media?parent=383"}],"wp:term":[{"taxonomy":"product_cat","embeddable":true,"href":"https:\/\/cantoroyasociados.com\/index.php\/wp-json\/wp\/v2\/product_cat?post=383"},{"taxonomy":"product_tag","embeddable":true,"href":"https:\/\/cantoroyasociados.com\/index.php\/wp-json\/wp\/v2\/product_tag?post=383"}],"curies":[{"name":"wp","href":"https:\/\/api.w.org\/{rel}","templated":true}]}}