{"id":1149,"date":"2024-10-19T07:36:25","date_gmt":"2024-10-19T10:36:25","guid":{"rendered":"https:\/\/cantoroyasociados.com\/?post_type=product&#038;p=1149"},"modified":"2024-10-28T14:32:24","modified_gmt":"2024-10-28T17:32:24","slug":"castor-c50-excavadora-arana","status":"publish","type":"product","link":"https:\/\/cantoroyasociados.com\/index.php\/product\/castor-c50-excavadora-arana\/","title":{"rendered":"Castor C50 Excavadora Ara\u00f1a"},"content":{"rendered":"<p><strong>SUPER WALTER CASTOR C50:<\/strong><br \/>\nLA EXCAVADORA IDEAL PARA REALIZAR CUALQUIER TIPO DE TRABAJO EN LOS TERRENOS M\u00c1S DIF\u00cdCILES.<br \/>\nObras v\u00edales.<br \/>\nConstrucciones.<br \/>\nAnegamientos.<br \/>\nDragados.<br \/>\nCanalizaciones.<br \/>\nCanalizaciones.<br \/>\nTrabajos en pendientes.<br \/>\nF\u00e1cil transporte.<br \/>\nForestaciones.<\/p>\n<p><strong>M\u00e1xima Estabilidad:<\/strong><br \/>\nApoyos de grandes dimensiones, regulables, permiten una mejor distribuci\u00f3n del peso en los terrenos m\u00e1s dif\u00edciles. Gran Versatilidad: mediante su rotaci\u00f3n continua 360\u00b0 y su brazo extensible se consigue el mayor aprovechamiento de su capacidad de trabajo. Adaptaci\u00f3n \u00f3ptima al terreno: amplio margen de regulaci\u00f3n de sus apoyos adem\u00e1s de su tracci\u00f3n hidrost\u00e1tica ofrecen al conductor seguridad y control.<\/p>\n","protected":false},"excerpt":{"rendered":"<p><strong>SUPER WALTER CASTOR C50:<\/strong><br \/>\nLA EXCAVADORA IDEAL PARA REALIZAR CUALQUIER TIPO DE TRABAJO EN LOS TERRENOS M\u00c1S DIF\u00cdCILES.<br \/>\nObras v\u00edales.<br \/>\nConstrucciones.<br \/>\nAnegamientos.<br \/>\nDragados.<br \/>\nCanalizaciones.<br \/>\nCanalizaciones.<\/p>\n","protected":false},"featured_media":1150,"comment_status":"open","ping_status":"closed","template":"","meta":[],"product_cat":[65,102,35,20],"product_tag":[],"class_list":{"0":"post-1149","1":"product","2":"type-product","3":"status-publish","4":"has-post-thumbnail","6":"product_cat-nuevo","7":"product_cat-secadoras-de-grano","8":"product_cat-sembradoras","9":"product_cat-super-walter","11":"first","12":"instock","13":"shipping-taxable","14":"product-type-simple"},"_links":{"self":[{"href":"https:\/\/cantoroyasociados.com\/index.php\/wp-json\/wp\/v2\/product\/1149"}],"collection":[{"href":"https:\/\/cantoroyasociados.com\/index.php\/wp-json\/wp\/v2\/product"}],"about":[{"href":"https:\/\/cantoroyasociados.com\/index.php\/wp-json\/wp\/v2\/types\/product"}],"replies":[{"embeddable":true,"href":"https:\/\/cantoroyasociados.com\/index.php\/wp-json\/wp\/v2\/comments?post=1149"}],"wp:featuredmedia":[{"embeddable":true,"href":"https:\/\/cantoroyasociados.com\/index.php\/wp-json\/wp\/v2\/media\/1150"}],"wp:attachment":[{"href":"https:\/\/cantoroyasociados.com\/index.php\/wp-json\/wp\/v2\/media?parent=1149"}],"wp:term":[{"taxonomy":"product_cat","embeddable":true,"href":"https:\/\/cantoroyasociados.com\/index.php\/wp-json\/wp\/v2\/product_cat?post=1149"},{"taxonomy":"product_tag","embeddable":true,"href":"https:\/\/cantoroyasociados.com\/index.php\/wp-json\/wp\/v2\/product_tag?post=1149"}],"curies":[{"name":"wp","href":"https:\/\/api.w.org\/{rel}","templated":true}]}}