{"id":1062,"date":"2024-10-19T01:27:07","date_gmt":"2024-10-19T04:27:07","guid":{"rendered":"https:\/\/cantoroyasociados.com\/?post_type=product&#038;p=1062"},"modified":"2024-10-28T14:27:23","modified_gmt":"2024-10-28T17:27:23","slug":"w650-autotrailer-sembradora-de-granos-gruesos-y-finos","status":"publish","type":"product","link":"https:\/\/cantoroyasociados.com\/index.php\/product\/w650-autotrailer-sembradora-de-granos-gruesos-y-finos\/","title":{"rendered":"W650 Autotrailer Sembradora De Granos Gruesos Y Finos"},"content":{"rendered":"<p><strong>SUPER WALTER W650 AUTOTRAILER: <\/strong>SEMBR\u00c1 SIN INTERRUPCIONES<\/p>\n<p><strong>Chasis:<\/strong><br \/>\nPosee un chasis s\u00f3lido y robusto apto para resistir las mayores exigencias, tanto en trabajo como en trasporte. El sistema de amarre de los cuerpos es m\u00e1s r\u00e1pido y f\u00e1cil de variar a todas las distancias a partir de 350 mm en adelante. Los componentes est\u00e1n dise\u00f1ados para obtener precisi\u00f3n en la siembra y larga vida en perfectas condiciones de funcionamiento.<\/p>\n<p><strong>Tolvas:<\/strong><br \/>\nPl\u00e1sticas de gran capacidad con doble compartimiento para fertilizar en l\u00edneas y entre l\u00edneas. Tabique rebatible para unificar la capacidad o dividirla en dos. Dosificadores tipo chevr\u00f3n con tapa de vaciado para limpieza. Aplicaci\u00f3n de fertilizante entre l\u00edneas por medio de cuchilla de corte angular con rueda niveladora para descarga en el lugar y profundidad deseados.<\/p>\n<p><iframe loading=\"lazy\" title=\"W650 | AutoTrailer |\" src=\"https:\/\/www.youtube.com\/embed\/0hKB1Ff76og\" width=\"1161\" height=\"360\" frameborder=\"0\" allowfullscreen=\"allowfullscreen\"><\/iframe><\/p>\n","protected":false},"excerpt":{"rendered":"<p>SUPER WALTER W650 AUTOTRAILER: SEMBR\u00c1 SIN INTERRUPCIONES Chasis: Posee un chasis s\u00f3lido y robusto apto para resistir las mayores exigencias, tanto en trabajo como en trasporte. El sistema de amarre de los cuerpos es m\u00e1s r\u00e1pido y f\u00e1cil de variar a todas las distancias a partir de 350 mm en adelante. Los componentes est\u00e1n dise\u00f1ados [&#8230;]\n","protected":false},"featured_media":1063,"comment_status":"open","ping_status":"closed","template":"","meta":[],"product_cat":[65,102,35,20],"product_tag":[],"class_list":{"0":"post-1062","1":"product","2":"type-product","3":"status-publish","4":"has-post-thumbnail","6":"product_cat-nuevo","7":"product_cat-secadoras-de-grano","8":"product_cat-sembradoras","9":"product_cat-super-walter","11":"first","12":"instock","13":"shipping-taxable","14":"product-type-simple"},"_links":{"self":[{"href":"https:\/\/cantoroyasociados.com\/index.php\/wp-json\/wp\/v2\/product\/1062"}],"collection":[{"href":"https:\/\/cantoroyasociados.com\/index.php\/wp-json\/wp\/v2\/product"}],"about":[{"href":"https:\/\/cantoroyasociados.com\/index.php\/wp-json\/wp\/v2\/types\/product"}],"replies":[{"embeddable":true,"href":"https:\/\/cantoroyasociados.com\/index.php\/wp-json\/wp\/v2\/comments?post=1062"}],"wp:featuredmedia":[{"embeddable":true,"href":"https:\/\/cantoroyasociados.com\/index.php\/wp-json\/wp\/v2\/media\/1063"}],"wp:attachment":[{"href":"https:\/\/cantoroyasociados.com\/index.php\/wp-json\/wp\/v2\/media?parent=1062"}],"wp:term":[{"taxonomy":"product_cat","embeddable":true,"href":"https:\/\/cantoroyasociados.com\/index.php\/wp-json\/wp\/v2\/product_cat?post=1062"},{"taxonomy":"product_tag","embeddable":true,"href":"https:\/\/cantoroyasociados.com\/index.php\/wp-json\/wp\/v2\/product_tag?post=1062"}],"curies":[{"name":"wp","href":"https:\/\/api.w.org\/{rel}","templated":true}]}}