{"id":1053,"date":"2024-10-19T00:55:08","date_gmt":"2024-10-19T03:55:08","guid":{"rendered":"https:\/\/cantoroyasociados.com\/?post_type=product&#038;p=1053"},"modified":"2024-10-28T14:27:23","modified_gmt":"2024-10-28T17:27:23","slug":"w650-sembradora-de-granos-gruesos","status":"publish","type":"product","link":"https:\/\/cantoroyasociados.com\/index.php\/product\/w650-sembradora-de-granos-gruesos\/","title":{"rendered":"W650 Sembradora De Granos Gruesos"},"content":{"rendered":"<div><strong>SUPER WALTER W650:<\/strong><\/div>\n<ul>\n<li>Sistema de granos gruesos<\/li>\n<li>Sistema de cuchillas m\u00f3viles.<\/li>\n<li>Tolva para semillas doble prop\u00f3sito.<\/li>\n<li>Fertiliza en l\u00edneas con ca\u00edda directa al cuerpo.<\/li>\n<li>Simple y doble fertilizaci\u00f3n.<\/li>\n<li>Este modelo cuenta con tolvas de mayor capacidad, con la cual se puede fertilizar en l\u00ednea y en el lateral de la l\u00ednea de siembra.<\/li>\n<\/ul>\n<div><strong>Tolva para fertilizante.<\/strong><\/div>\n","protected":false},"excerpt":{"rendered":"<p>SUPER WALTER W650: Sistema de granos gruesos Sistema de cuchillas m\u00f3viles. Tolva para semillas doble prop\u00f3sito. Fertiliza en l\u00edneas con ca\u00edda directa al cuerpo. Simple y doble fertilizaci\u00f3n. Este modelo cuenta con tolvas de mayor capacidad, con la cual se puede fertilizar en l\u00ednea y en el lateral de la l\u00ednea de siembra. Tolva para [&#8230;]\n","protected":false},"featured_media":1054,"comment_status":"open","ping_status":"closed","template":"","meta":[],"product_cat":[65,102,35,20],"product_tag":[],"class_list":{"0":"post-1053","1":"product","2":"type-product","3":"status-publish","4":"has-post-thumbnail","6":"product_cat-nuevo","7":"product_cat-secadoras-de-grano","8":"product_cat-sembradoras","9":"product_cat-super-walter","11":"first","12":"instock","13":"shipping-taxable","14":"product-type-simple"},"_links":{"self":[{"href":"https:\/\/cantoroyasociados.com\/index.php\/wp-json\/wp\/v2\/product\/1053"}],"collection":[{"href":"https:\/\/cantoroyasociados.com\/index.php\/wp-json\/wp\/v2\/product"}],"about":[{"href":"https:\/\/cantoroyasociados.com\/index.php\/wp-json\/wp\/v2\/types\/product"}],"replies":[{"embeddable":true,"href":"https:\/\/cantoroyasociados.com\/index.php\/wp-json\/wp\/v2\/comments?post=1053"}],"wp:featuredmedia":[{"embeddable":true,"href":"https:\/\/cantoroyasociados.com\/index.php\/wp-json\/wp\/v2\/media\/1054"}],"wp:attachment":[{"href":"https:\/\/cantoroyasociados.com\/index.php\/wp-json\/wp\/v2\/media?parent=1053"}],"wp:term":[{"taxonomy":"product_cat","embeddable":true,"href":"https:\/\/cantoroyasociados.com\/index.php\/wp-json\/wp\/v2\/product_cat?post=1053"},{"taxonomy":"product_tag","embeddable":true,"href":"https:\/\/cantoroyasociados.com\/index.php\/wp-json\/wp\/v2\/product_tag?post=1053"}],"curies":[{"name":"wp","href":"https:\/\/api.w.org\/{rel}","templated":true}]}}