{"id":1037,"date":"2024-10-15T02:03:44","date_gmt":"2024-10-15T05:03:44","guid":{"rendered":"https:\/\/cantoroyasociados.com\/?post_type=product&#038;p=1037"},"modified":"2024-10-28T14:27:23","modified_gmt":"2024-10-28T17:27:23","slug":"sembradora-de-grano-grande-w630","status":"publish","type":"product","link":"https:\/\/cantoroyasociados.com\/index.php\/product\/sembradora-de-grano-grande-w630\/","title":{"rendered":"Sembradora de grano grande W630"},"content":{"rendered":"<p>La Sembradora de grano grande W630 es sin&amp;oacute;nimo de calidad y durabilidad. Construida con los materiales m&amp;aacute;s resistentes, esta m&amp;aacute;quina te acompa&amp;ntilde;ar&amp;aacute; temporada tras temporada, brind&amp;aacute;ndote un retorno de inversi&amp;oacute;n a largo plazo.<\/p>\n<ul>\n<li>Fertilizaci\u00f3n simple y doble.<\/li>\n<li>Siembra convencional y directa.<\/li>\n<li>Distancia entre l\u00edneas variable.<\/li>\n<li>Transporte longitudinal.<\/li>\n<\/ul>\n<p><strong>Simple y doble fertilizaci\u00f3n:<\/strong> La dosificaci\u00f3n exacta se logra mediante cajas variadoras mec\u00e1nicas o motor hidr\u00e1ulico. La distribuci\u00f3n de las semillas es mediante un sistema de dosificaci\u00f3n mec\u00e1nica o neum\u00e1tica con cajas de cambios de 54 marchas.<\/p>\n<p>Dosificaci\u00f3n mec\u00e1nico:<strong> Nuestro sistema le brinda a la semilla un trato delicado y suave con menos posibilidad de roturas. Libre mantenimiento. Sin<\/strong> engrase.<\/p>\n<p><iframe loading=\"lazy\" title=\"Super Walter - W 630\" width=\"1020\" height=\"765\" src=\"https:\/\/www.youtube.com\/embed\/Yors1swhNss?feature=oembed\" frameborder=\"0\" allow=\"accelerometer; autoplay; clipboard-write; encrypted-media; gyroscope; picture-in-picture; web-share\" referrerpolicy=\"strict-origin-when-cross-origin\" allowfullscreen><\/iframe><\/p>\n<div id=\"gtx-trans\" style=\"position: absolute; left: 134px; top: -1.2px;\">\n<div class=\"gtx-trans-icon\"><\/div>\n<\/div>\n","protected":false},"excerpt":{"rendered":"<p>La Sembradora de grano grande W630 es sin&amp;oacute;nimo de calidad y durabilidad. Construida con los materiales m&amp;aacute;s resistentes, esta m&amp;aacute;quina te acompa&amp;ntilde;ar&amp;aacute; temporada tras temporada, brind&amp;aacute;ndote un retorno de inversi&amp;oacute;n a largo plazo. Fertilizaci\u00f3n simple y doble. Siembra convencional y directa. Distancia entre l\u00edneas variable. Transporte longitudinal. Simple y doble fertilizaci\u00f3n: La dosificaci\u00f3n exacta se [&#8230;]\n","protected":false},"featured_media":1038,"comment_status":"open","ping_status":"closed","template":"","meta":[],"product_cat":[65,102,35,20],"product_tag":[],"class_list":{"0":"post-1037","1":"product","2":"type-product","3":"status-publish","4":"has-post-thumbnail","6":"product_cat-nuevo","7":"product_cat-secadoras-de-grano","8":"product_cat-sembradoras","9":"product_cat-super-walter","11":"first","12":"instock","13":"shipping-taxable","14":"product-type-simple"},"_links":{"self":[{"href":"https:\/\/cantoroyasociados.com\/index.php\/wp-json\/wp\/v2\/product\/1037"}],"collection":[{"href":"https:\/\/cantoroyasociados.com\/index.php\/wp-json\/wp\/v2\/product"}],"about":[{"href":"https:\/\/cantoroyasociados.com\/index.php\/wp-json\/wp\/v2\/types\/product"}],"replies":[{"embeddable":true,"href":"https:\/\/cantoroyasociados.com\/index.php\/wp-json\/wp\/v2\/comments?post=1037"}],"wp:featuredmedia":[{"embeddable":true,"href":"https:\/\/cantoroyasociados.com\/index.php\/wp-json\/wp\/v2\/media\/1038"}],"wp:attachment":[{"href":"https:\/\/cantoroyasociados.com\/index.php\/wp-json\/wp\/v2\/media?parent=1037"}],"wp:term":[{"taxonomy":"product_cat","embeddable":true,"href":"https:\/\/cantoroyasociados.com\/index.php\/wp-json\/wp\/v2\/product_cat?post=1037"},{"taxonomy":"product_tag","embeddable":true,"href":"https:\/\/cantoroyasociados.com\/index.php\/wp-json\/wp\/v2\/product_tag?post=1037"}],"curies":[{"name":"wp","href":"https:\/\/api.w.org\/{rel}","templated":true}]}}